hat is the remainder when 21289 is divided by 283?
64
Calculate the remainder when 5682 is divided by 1307.
454
Calculate the remainder when 2537 is divided by 797.
146
Calculate the remainder when 278 is divided by 1.
0
Calculate the remainder when 10117 is divided by 1011.
7
Calculate the remainder when 30945 is divided by 360.
345
Calculate the remainder when 18113 is divided by 74.
57
What is the remainder when 1527 is divided by 1303?
224
What is the remainder when 12007 is divided by 3994?
25
What is the remainder when 9344 is divided by 35?
34
What is the remainder when 145604 is divided by 217?
214
Calculate the remainder when 1240 is divided by 149.
48
What is the remainder when 1878600 is divided by 939295?
10
Calculate the remainder when 40418 is divided by 4041.
8
What is the remainder when 49475 is divided by 495?
470
What is the remainder when 2386 is divided by 114?
106
Calculate the remainder when 4777 is divided by 321.
283
Calculate the remainder when 2841 is divided by 244.
157
What is the remainder when 4256 is divided by 12?
8
What is the remainder when 132733 is divided by 488?
485
What is the remainder when 378 is divided by 229?
149
Calculate the remainder when 29230 is divided by 464.
462
What is the remainder when 557348 is divided by 71?
69
What is the remainder when 2151421 is divided by 13?
12
Calculate the remainder when 1407 is divided by 59.
50
Calculate the remainder when 32037 is divided by 941.
43
What is the remainder when 3552 is divided by 414?
240
What is the remainder when 611926 is divided by 36?
34
Calculate the remainder when 11233 is divided by 20.
13
What is the remainder when 1998 is divided by 1475?
523
What is the remainder when 154119 is divided by 20?
19
What is the remainder when 31460 is divided by 15721?
18
Calculate the remainder when 33281 is divided by 137.
127
What is the remainder when 1340346 is divided by 1074?
1068
What is the remainder when 50251 is divided by 3865?
6
Calculate the remainder when 21962 is divided by 7317.
11
Calculate the remainder when 140767 is divided by 589.
585
What is the remainder when 619 is divided by 189?
52
What is the remainder when 29659 is divided by 16?
11
Calculate the remainder when 9177 is divided by 577.
522
Calculate the remainder when 2201 is divided by 74.
55
Calculate the remainder when 18018 is divided by 10.
8
Calculate the remainder when 66835 is divided by 28.
27
Calculate the remainder when 165980 is divided by 912.
908
Calculate the remainder when 85048 is divided by 14173.
10
What is the remainder when 5677 is divided by 596?
313
What is the remainder when 7216 is divided by 7201?
15
What is the remainder when 325 is divided by 110?
105
Calculate the remainder when 5165 is divided by 115.
105
Calculate the remainder when 24436 is divided by 448.
244
Calculate the remainder when 864 is divided by 142.
12
Calculate the remainder when 1532 is divided by 382.
4
What is the remainder when 123493 is divided by 62?
51
What is the remainder when 119537 is divided by 458?
457
What is the remainder when 16769 is divided by 81?
2
Calculate the remainder when 1800 is divided by 40.
0
Calculate the remainder when 4980 is divided by 1751.
1478
Calculate the remainder when 262537 is divided by 17502.
7
What is the remainder when 6665 is divided by 96?
41
What is the remainder when 42460 is divided by 14?
12
Calculate the remainder when 450237 is divided by 105.
102
Calculate the remainder when 18333 is divided by 2238.
429
What is the remainder when 761 is divided by 12?
5
Calculate the remainder when 176 is divided by 83.
10
What is the remainder when 12561 is divided by 6252?
57
Calculate the remainder when 113865 is divided by 1105.
50
What is the remainder when 21982 is divided by 12?
10
What is the remainder when 258674 is divided by 68?
2
Calculate the remainder when 4501 is divided by 31.
6
What is the remainder when 5654 is divided by 3?
2
What is the remainder when 435 is divided by 212?
11
What is the remainder when 3216 is divided by 1273?
670
Calculate the remainder when 40691 is divided by 313.
1
What is the remainder when 8685 is divided by 229?
212
What is the remainder when 3417 is divided by 3201?
216
What is the remainder when 618 is divided by 23?
20
Calculate the remainder when 2325 is divided by 343.
267
What is the remainder when 1986 is divided by 31?
2
Calculate the remainder when 21538 is divided by 10736.
66
Calculate the remainder when 153656 is divided by 52.
48
Calculate the remainder when 14131 is divided by 1413.
1
What is the remainder when 90064 is divided by 30015?
19
What is the remainder when 5290 is divided by 1044?
70
Calculate the remainder when 3449 is divided by 36.
29
Calculate the remainder when 17981 is divided by 17967.
14
Calculate the remainder when 9707763 is divided by 258.
255
Calculate the remainder when 10609 is divided by 983.
779
Calculate the remainder when 24758 is divided by 9.
8
What is the remainder when 1140 is divided by 9?
6
What is the remainder when 12043 is divided by 447?
421
What is the remainder when 130186 is divided by 65080?
26
What is the remainder when 31779 is divided by 383?
373
What is the remainder when 8789 is divided by 67?
12
What is the remainder when 145806 is divided by 104?
102
What is the remainder when 37330 is divided by 36487?
843
What is the remainder when 16750 is divided by 16744?
6
What is the remainder when 5078 is divided by 183?
137
Calculate the remainder when 1041 is divided by 80.
1
Calculate the remainder when 2389 is divided by 1807.
582
What is the remainder when 1786689 is divided by 10?
9
What is the remainder when 227715 is divided by 3558?
3
Calculate the remainder when 40540 is divided by 58.
56
Calculate the remainder when 20471 is divided by 143.
22
What is the remainder when 374864 is divided by 19?
13
What is the remainder when 76396 is divided by 107?
105
Calculate the remainder when 3026 is divided by 1181.
664
What is the remainder when 2032 is divided by 24?
16
Calculate the remainder when 1360877 is divided by 154.
133
What is the remainder when 3752 is divided by 770?
672
Calculate the remainder when 2954869 is divided by 13.
8
What is the remainder when 779 is divided by 17?
14
Calculate the remainder when 158214 is divided by 159.
9
What is the remainder when 29665 is divided by 8?
1
What is the remainder when 143121 is divided by 87?
6
Calculate the remainder when 190035 is divided by 19.
16
What is the remainder when 1939 is divided by 182?
119
What is the remainder when 31165 is divided by 15572?
21
What is the remainder when 113923 is divided by 175?
173
Calculate the remainder when 39724 is divided by 41.
36
What is the remainder when 4415 is divided by 232?
7
What is the remainder when 34874 is divided by 645?
44
What is the remainder when 158 is divided by 35?
18
What is the remainder when 43239 is divided by 395?
184
Calculate the remainder when 19316 is divided by 964.
36
What is the remainder when 601789 is divided by 300865?
59
Calculate the remainder when 51290 is divided by 123.
122
What is the remainder when 5580 is divided by 292?
32
Calculate the remainder when 11483 is divided by 2861.
39
Calculate the remainder when 149 is divided by 1.
0
What is the remainder when 37498 is divided by 69?
31
What is the remainder when 4111122 is divided by 216?
210
What is the remainder when 9926 is divided by 524?
494
Calculate the remainder when 15483 is divided by 163.
161
Calculate the remainder when 13634 is divided by 973.
12
What is the remainder when 45725 is divided by 626?
27
What is the remainder when 433965 is divided by 13?
12
Calculate the remainder when 12346 is divided by 50.
46
What is the remainder when 12739 is divided by 33?
1
Calculate the remainder when 114758 is divided by 152.
150
What is the remainder when 44566 is divided by 10967?
698
Calculate the remainder when 341571 is divided by 28.
27
What is the remainder when 10318 is divided by 104?
22
Calculate the remainder when 4949 is divided by 139.
84
Calculate the remainder when 11510 is divided by 821.
16
Calculate the remainder when 172326 is divided by 57439.
9
What is the remainder when 1173 is divided by 74?
63
Calculate the remainder when 11307 is 